= -k**2 - 10*k + 5. Suppose -37*l - 244 - 126 = 0. Give c(l).
5
Suppose 0 = -4*n + 12, -4*l - 26 + 1 = -3*n. Let o(k) = k**2 - k - 3. Determine o(l).
17
Let w be (-23)/(-4) - (-6)/(-8). Let r = w + -2. Let b(k) = -k - 1. Let h(l) = 3*l + 2. Let i(d) = -4*b(d) - h(d). What is i(r)?
5
Let p(b) = 7*b**3 - 7*b**2 + 14*b + 35. Let y(x) = 6*x**3 - 8*x**2 + 15*x + 33. Let f(t) = 5*p(t) - 6*y(t). What is f(11)?
-1
Suppose 2*t = 2*o - 17 - 7, 20 = 2*o + 2*t. Let y(d) = 2*d - 14. Determine y(o).
8
Suppose l = -8*l + 18. Suppose -12 + 2 = l*k. Let y(d) = d - 3. What is y(k)?
-8
Let t(u) = 9. Let w(i) = 2*i - 38. Let m(k) = 9*t(k) + 2*w(k). Determine m(-2).
-3
Let b(p) = p**3 + 10*p**2 - 9*p + 15. Let u(v) = -12*v**2 + 13*v - 12. Let x be u(1). Determine b(x).
-7
Let u be (-2 + 29)*(-32)/(-72). Let i(m) = m**3 - 11*m**2 - 13*m + 9. Determine i(u).
-3
Let n(y) = y**2 + 2*y - 2. Let w(a) = 5*a**2 + 10*a - 8. Let i(v) = -9*n(v) + 2*w(v). Determine i(-6).
26
Let w(m) = m**3 - 2*m**2 - 4*m - 1. Let d(x) = -x**2 - 11*x - 2. Let j be d(-11). Let k be (-3)/j - 7/2. Let u be -1 + 4 - (k + 2). What is w(u)?
-4
Let m(s) = 19*s + 2. Let z be m(0). Let i(o) be the first derivative of -7 + 1/2*o**z + o. What is i(1)?
2
Let c(p) = 2*p**2 - 10*p - 17. Let a(g) = 3*g**2 - 11*g - 18. Let b(i) = 3*a(i) - 4*c(i). Calculate b(-6).
8
Let j be ((-7)/(-4))/7 - 12/(-16). Let a(u) = -4*u**2 + 2*u - 1. What is a(j)?
-3
Let n(v) = -6*v + 7*v + 5 - 2*v**2 - 3*v**3 - 7*v + 2*v**3 + 7*v. Calculate n(0).
5
Let i(g) = g**3 - 5*g**2 + 4*g - 5. Let a = -138 - -142. Give i(a).
-5
Let q(i) = i**2 + i - 58. Let g be q(7). Let r be (-12 - g) + -2*(-4)/8. Let h(t) = t**2 + 8*t - 5. Determine h(r).
4
Let d be (-2)/3 - (-30)/(-9). Let a(z) = -17*z**3 + 2*z**3 + 8*z**3 - 3*z**2 + 2*z + 8*z**3 - 2*z**3 - 4. Give a(d).
4
Let j(v) be the first derivative of -v**2 - 6*v + 125. Let h(k) = -k**3 - 3*k**2 + 2*k - 1. Let g be h(-3). Let z be (-3 + 2)*-3 + g. Calculate j(z).
2
Let u(z) = -z + 3. Suppose y - 3 = 6. Suppose 4*g + 40 = y*g. Let o = g + -6. What is u(o)?
1
Let q(t) be the third derivative of -t**6/12 - t**4/12 + t**3/6 + 13*t**2. Determine q(1).
-11
Let c = -24 - -21. Let q(y) = y**2 - y - 7. Let j be q(c). Suppose 2*t - 3 = -j. Let v(p) = p**3 - p**2 - p. Give v(t).
-1
Let p(w) = 9*w - 14*w + 4*w + 2. Give p(0).
2
Let k be -3*25/(-30)*(-4)/(-10). Let h(w) = -w + k - w**2 + 5*w**2 - 3*w**2 - 5. Determine h(-3).
8
Let s(r) = -3*r + 2. Let a(z) = -4*z + 3. Let c(k) = -5*a(k) + 7*s(k). Suppose -h - h - 20 = -5*b, 2*h - b + 12 = 0. What is c(h)?
4
Suppose 0 = 2*w - w - 6. Suppose 27 - 15 = -w*p. Let o(m) = m - 3*m + 4*m - 2. Determine o(p).
-6
Let y(z) = 8*z**2 - 3*z. Let d(m) = -8*m**2 + m - 1. Let s(k) = 3*d(k) + 2*y(k). Give s(-1).
-8
Let k(z) = -z + 3*z - 23 - z - 4*z. Let q be k(-6). Let o(i) = i**3 + 6*i**2 + 7*i - 2. Determine o(q).
-12
Let i = 73 - 57. Let b(p) = p - 14*p**2 - i*p**2 - 4*p**3 + 29*p**2. Calculate b(1).
-4
Suppose 5*c = -d - d + 106, 94 = 4*c - 3*d. Suppose -j - c = -3*j. Let w(t) = 8 - j + 2*t - t. Calculate w(3).
0
Let p(b) be the second derivative of -b**5/20 - b**4/6 + b**3/3 - b**2 - b - 2. Calculate p(-3).
1
Let d(y) be the third derivative of -y**5/60 - y**4/6 + 193*y**2. What is d(-4)?
0
Let g(n) = 5*n**2 + n + 2. Suppose 114*x + 162 = 168*x. Determine g(x).
50
Let d(a) = a**2 + 6*a - 7. Let g = -16 + 22. Let p be -4*(-3)/g + -7. Determine d(p).
-12
Let x(j) = -21*j + 8. Let u(c) = 4*c - 1. Let o(g) = -11*u(g) - 2*x(g). Give o(0).
-5
Let l = 14 + -8. Let h be -7 - -3 - (l + -16). Let z(w) = -w**3 + 6*w**2 - 3*w. Calculate z(h).
-18
Let y(z) = -4 + 0*z**2 - z**2 + 3*z + 4*z**2 - 2*z**2. Suppose 15 = -4*o + 3*n, 3 = -2*o + 5*n - 8. Determine y(o).
-4
Let t(q) = 5*q**2 + 25*q + 6. Let d(r) = 11*r**2 + 55*r + 12. Let j(n) = -6*d(n) + 13*t(n). Calculate j(-6).
0
Let t(w) = -w**2 + 23*w - 45. Let m = -1990 - -2011. Give t(m).
-3
Let n be (3/6)/((-2)/(-12)). Let f be ((-1)/2*0)/n. Let q(l) = f*l - 4*l + 2*l + 2. What is q(3)?
-4
Suppose 5*g - 3*b = -101, -g - 5*b = -3*g - 48. Let k = -16 - g. Let o(z) = 13 - z**2 + z**k + z + 2 - 4. Calculate o(0).
11
Let p = -327 - -325. Let g(m) = 2*m**3 + 3*m**2 + m - 2. What is g(p)?
-8
Let n = -1 + -3. Let z(d) = -11*d**3 + 7*d**2 + 4*d + 17. Let r(b) = 7*b**3 - 4*b**2 - 3*b - 11. Let g(p) = 8*r(p) + 5*z(p). Determine g(n).
-3
Let p(l) = 15*l - 6*l - 10*l + 27*l**2 - 4*l**2. Give p(1).
22
Let y = -25 - -46. Let b be -7 + 7/(y/12). Let p(o) = -o**3 - o**2 + 3*o + 1. Calculate p(b).
10
Let k(x) = 3*x + 1. Let q = 37 - 15. Let m = q - 20. Let v be (4 - 4) + (1 - m). Give k(v).
-2
Let p(i) = 59*i + 8. Let y be p(-4). Let d be (-1)/(-5) + y/(-60). Let l(o) = 4*o - 4. Calculate l(d).
12
Let d = 20 + -11. Let h be 9/(-6)*(d + -7). Let g(u) = -u - 6. Give g(h).
-3
Let k(o) = -o**2 - 7*o - 2. Let h be k(-3). Let b(a) = -7 + a + h + 2*a - 2*a + a**2. What is b(-3)?
9
Let s be ((-732)/(-14))/(-6) - (-6)/(-21). Let a(w) = w**2 + 11*w + 6. What is a(s)?
-12
Let b(j) = -2*j**3 + 8*j**2 + 4*j + 26. Let h be b(5). Let o(f) = -f**3 - 6*f**2 - 5*f + 2. Give o(h).
-10
Let a(u) = u**2 + 10*u + 11. Let x(b) = -b**2 - 10*b + 7. Let o be x(-11). Let j(m) = m - 4. Let y be j(o). Give a(y).
-5
Suppose -5*t = -15 + 5. Let d(y) = y**3 + 11*y + 13*y - 5*y**t - 22*y - 2. Calculate d(5).
8
Let u(t) be the second derivative of t**7/280 - t**6/180 - t**5/60 - t**4/24 + 17*t**3/6 - 17*t. Let s(n) be the second derivative of u(n). What is s(-1)?
-4
Suppose -5*s - 7 = 4*n, -4*s + 0*s = -n - 7. Let f be ((-6)/n)/((-2)/(-4)). Let o(k) = -1 + 3*k**2 + 9*k + 0*k**2 - f*k - 4*k**2. Calculate o(2).
5
Let b(q) = q - 11. Let m be (168/(-20))/((-2)/5). Suppose -k - m = -29. Determine b(k).
-3
Let h(j) = -j**2 - j + 2. Let g be h(-2). Let w(u) = 53*u**3 + 56*u**3 - 166*u**3 + 58*u**3 + u**2. Calculate w(g).
0
Let i(y) = 4 + 2 - 4 + y - 2*y. Let v(w) = 9*w - 3. Let a be v(0). Determine i(a).
5
Let t(b) = 3*b**2 + b + 3*b - b**3 + 0*b**3. Suppose -10*j + 7*j = -27. Suppose 12*p - j - 39 = 0. Calculate t(p).
0
Let s be (8/(-10))/(4/(-10)). Let m(x) = -x - 5. Let u(t) = -3*t - 22. Let h(o) = 4*m(o) - u(o). Determine h(s).
0
Let t(h) = 161*h**2 + 158*h**2 - h + 1 - 318*h**2. What is t(-4)?
21
Let o(c) = -c - 3. Let u be o(10). Let m = u + 17. Let j(p) = -p**3 + 5*p**2 - 3*p - 1. What is j(m)?
3
Let p(r) = -7*r + 6 + r**2 + 2*r - 10 - 2*r**2 + 7*r. Determine p(4).
-12
Let m(k) = k**2 + 10*k - 15. Let a be m(-12). Let p(w) = w - 18. Calculate p(a).
-9
Let u(b) be the third derivative of -b**4/12 - b**3 - 3*b**2. Let n = 261 - 181. Let r = -85 + n. Give u(r).
4
Let a(l) = 4*l**3 + 3*l**2 - 11*l + 3. Let j(s) = -11*s**3 - 10*s**2 + 32*s - 10. Let o(d) = -8*a(d) - 3*j(d). Determine o(-7).
13
Let s(h) = 7*h - 15. Let n be 117/12 + 5/20. Calculate s(n).
55
Let t(x) = -12*x**2 + 18*x**2 - x**3 - 6*x**2 + 15 + 2*x - 10*x**2. Let r be t(-10). Let p(f) = -3*f + 4. Determine p(r).
19
Let t(u) be the third derivative of u**4/24 + 23*u**3/6 - 38*u**2. What is t(-10)?
13
Let l(s) = -s**3 + 5*s**2 - 2*s - 4. Let k(g) = 11 - g + 2*g**2 - 8*g**3 - 11. Let w be k(1). Let y = w - -11. Determine l(y).
4
Let b(j) = -j + 2. Let l(a) = 13*a + 1. Let c be l(-1). Let w = c - -17. Suppose 4*m = -w + 21. Calculate b(m).
-2
Let x = 593 - 588. Let j(y) = y**2 - 7*y + 11. Calculate j(x).
1
Let g = 8 - 5. Suppose -m = 5*h - 6, -2*m = -m + 2*h - g. Let i(b) = 15*b + 4. Let a(t) = -16*t - 5. Let n(y) = 5*a(y) + 6*i(y). Determine n(m).
9
Let h(n) be the third derivative of -n**5/60 - 5*n**4/24 - n**3/3 - n**2. Let b be h(-4). Let u(c) = 2*c**2 - 2*c - c + 5 - c**b + c. Determine u(4).
13
Let g(v) be the second derivative of 0 + 22*v - v**2 - 2/3*v**3. Calculate g(-3).
10
Let r(j) be the third derivative of j**4/4 + j**3/3 - 363*j**2. Give r(7).
44
Suppose r = -5, -n + 10*r + 19 = 6*r. Let a(o) = 15*o**3 + o**2 + o + 1. What is a(n)?
-14
Let w(k) = -512 - 4*k + k - k + 259 + 299. Determine w(14).
-10
Suppose 11*m = 7 + 37. Let v(r) = -r**2 + 6*r - 4. Calculate v(m).
4
Let o be -1 - -3 - (-28 + 28). Let k(s) be the first derivative of -2*s**o - 1/4*s**4 - 7/3*s**3 - 4 + 4*s. Determine k(-6).
-8
Suppose -3*r + 3*u + 14 = -2*u, -2*r = u - 5. Suppose -2*w + r*w - 1 = i, 0 = -2*i - 3*w + 13. Let k(m) be the third deriv